igit of 171534?
1
What is the ten thousands digit of 3587185065?
8
What is the billions digit of 2027558653?
2
What is the hundred millions digit of 2619141499?
6
What is the millions digit of 51477873?
1
What is the hundred millions digit of 234625039?
2
What is the millions digit of 703684957?
3
What is the tens digit of 53064275?
7
What is the units digit of 344382222?
2
What is the ten thousands digit of 581893181?
9
What is the ten thousands digit of 50857204?
5
What is the units digit of 37758373?
3
What is the units digit of 179826139?
9
What is the millions digit of 291535643?
1
What is the hundred millions digit of 2735479597?
7
What is the units digit of 1267820608?
8
What is the thousands digit of 44396542?
6
What is the thousands digit of 97683587?
3
What is the hundreds digit of 2833550482?
4
What is the thousands digit of 17965479?
5
What is the tens digit of 52596407?
0
What is the hundreds digit of 1723314071?
0
What is the tens digit of 36599615?
1
What is the units digit of 218648828?
8
What is the units digit of 257093467?
7
What is the tens digit of 107865466?
6
What is the units digit of 9636044?
4
What is the hundreds digit of 969475650?
6
What is the units digit of 263301299?
9
What is the hundred thousands digit of 307023694?
0
What is the hundreds digit of 206741267?
2
What is the thousands digit of 14661579?
1
What is the ten millions digit of 138091672?
3
What is the hundred thousands digit of 30265124?
2
What is the thousands digit of 1770834361?
4
What is the hundreds digit of 415137529?
5
What is the hundred thousands digit of 481592179?
5
What is the hundred millions digit of 303838803?
3
What is the thousands digit of 5521787?
1
What is the tens digit of 2652515689?
8
What is the tens digit of 457181845?
4
What is the units digit of 401662332?
2
What is the ten thousands digit of 36359064?
5
What is the tens digit of 77827413?
1
What is the hundreds digit of 137962505?
5
What is the millions digit of 1350216865?
0
What is the millions digit of 51151339?
1
What is the millions digit of 516916738?
6
What is the tens digit of 346856721?
2
What is the thousands digit of 143046408?
6
What is the millions digit of 714619899?
4
What is the billions digit of 2352876036?
2
What is the hundred thousands digit of 67049703?
0
What is the hundreds digit of 611154948?
9
What is the tens digit of 153920531?
3
What is the hundred millions digit of 306757401?
3
What is the millions digit of 1063891?
1
What is the millions digit of 127260199?
7
What is the hundred millions digit of 194880356?
1
What is the millions digit of 658198688?
8
What is the hundreds digit of 6670317974?
9
What is the hundreds digit of 250482958?
9
What is the hundred millions digit of 331913401?
3
What is the hundreds digit of 26002015?
0
What is the millions digit of 304854279?
4
What is the units digit of 48119895?
5
What is the ten thousands digit of 187653389?
5
What is the hundreds digit of 87233954?
9
What is the units digit of 2860805816?
6
What is the millions digit of 403245073?
3
What is the thousands digit of 238818994?
8
What is the billions digit of 1328976551?
1
What is the hundred thousands digit of 348400067?
4
What is the hundred millions digit of 589624075?
5
What is the hundred millions digit of 727179115?
7
What is the millions digit of 249417670?
9
What is the ten thousands digit of 4210708358?
0
What is the units digit of 92564085?
5
What is the millions digit of 42410264?
2
What is the tens digit of 412015270?
7
What is the hundred thousands digit of 60034614?
0
What is the tens digit of 113210619?
1
What is the millions digit of 57393622?
7
What is the hundred millions digit of 162567725?
1
What is the millions digit of 2644342320?
4
What is the tens digit of 265460953?
5
What is the millions digit of 2002153304?
2
What is the thousands digit of 3370089273?
9
What is the thousands digit of 124142022?
2
What is the ten thousands digit of 403016890?
1
What is the tens digit of 1188698628?
2
What is the ten millions digit of 35696360?
3
What is the tens digit of 3455042464?
6
What is the units digit of 8538662?
2
What is the hundreds digit of 1213583816?
8
What is the millions digit of 61910045?
1
What is the tens digit of 887862639?
3
What is the thousands digit of 163514326?
4
What is the hundred thousands digit of 197846277?
8
What is the thousands digit of 591439562?
9
What is the millions digit of 183736403?
3
What is the ten thousands digit of 309523864?
2
What is the hundreds digit of 86912586?
5
What is the units digit of 42142811?
1
What is the hundred thousands digit of 31256781?
2
What is the units digit of 55781755?
5
What is the billions digit of 2903378200?
2
What is the thousands digit of 1305886084?
6
What is the ten thousands digit of 595500319?
0
What is the millions digit of 60252822?
0
What is the thousands digit of 2259673931?
3
What is the millions digit of 38971559?
8
What is the tens digit of 62978667?
6
What is the tens digit of 760076943?
4
What is the ten millions digit of 1208898533?
0
What is the units digit of 243756085?
5
What is the ten thousands digit of 28843751?
4
What is the hundred thousands digit of 888496296?
4
What is the billions digit of 1112983546?
1
What is the hundred millions digit of 112166711?
1
What is the ten thousands digit of 154331666?
3
What is the tens digit of 597109563?
6
What is the millions digit of 1497856294?
7
What is the hundreds digit of 210964766?
7
What is the units digit of 150755315?
5
What is the ten thousands digit of 41683787?
8
What is the hundreds digit of 75035217?
2
What is the hundred thousands digit of 1303434031?
4
What is the units digit of 4733427706?
6
What is the thousands digit of 101395877?
5
What is the hundred millions digit of 2210390418?
2
What is the thousands digit of 16258903?
8
What is the ten thousands digit of 311177952?
7
What is the millions digit of 14069911?
4
What is the hundred thousands digit of 1913561024?
5
What is the hundred millions digit of 157857142?
1
What is the millions digit of 49105825?
9
What is the thousands digit of 1331868671?
8
What is the millions digit of 799519665?
9
What is the hundreds digit of 91838414?
4
What is the millions digit of 80358226?
0
What is the ten thousands digit of 83066290?
6
What is the hundred millions digit of 626307218?
6
What is the hundreds digit of 166673638?
6
What is the ten thousands digit of 21548800?
4
What is the hundreds digit of 226138610?
6
What is the units digit of 297187579?
9
What is the hundred thousands digit of 36017158?
0
What is the ten thousands digit of 3273075344?
7
What is the ten thousands digit of 818794613?
9
What is the millions digit of 874446475?
4
What is the units digit of 466209707?
7
What is the ten thousands digit of 15870152?
7
What is the ten millions digit of 333166078?
3
What is the millions digit of 2524092731?
4
What is the thousands digit of 62926248?
6
What is the tens digit of 161862653?
5
What is the thousands digit of 31591674?
1
What is the units digit of 7381644207?
7
What is the thousands digit of 62390435?
0
What is the hundred millions digit of 1150781886?
1
What is the millions digit of 1955114865?
5
What is the hundred thousands digit of 989673?
9
What is the millions digit of 167916873?
7
What is the thousands digit of 7373822?
3
What is the ten thousands digit of 250054581?
5
What is the ten millions digit of 13643328?
1
What is the ten millions digit of 36485897?
3
What is the thousands digit of 148391184?
1
What is the ten millions digit of 99657605?
9
What is the ten millions digit of 14235179?
1
What is the hundreds digit of 121371328?
3
What is the hundreds digit of 2479525799?
7
What is the hundreds digit of 585934270?
2
What is the millions digit of 7347089864?
7
What is the tens digit of 583011265?
6
What is the ten millions digit of 350720707?
5
What is the millions digit of 644066421?
4
What is the thousands digit of 2683836090?
6
What is the hundred millions digit of 1181473838?
1
What is the ten thousands digit of 183255539?
5
What is the units digit of 557413629?
9
What is the millions digit of 212547512?
2
What is the ten millions digit of 109499754?
0
What is the tens digit of 203806061?
6
What is the hundred thousand